 Let j be (5200/15)/d*6. Suppose -7*f = -3*f - j. What is the tens digit of f?
0
Let j be (9/((-9)/(-28)))/2. Suppose 0 = -m - v - 1, m - v = -m - j. Let n(p) = -p**3 - 3*p**2 + 7*p + 8. What is the tens digit of n(m)?
2
Let i(y) be the first derivative of 284*y**3/3 + 9*y**2 + 30*y + 275. What is the units digit of i(-2)?
0
Suppose 0 = 59*g - 2715826 + 385739. What is the hundreds digit of g?
4
Let u = -81473 + 138393. Suppose 15*b = -25*b + u. What is the units digit of b?
3
Let d be 9/(-63) - ((-165)/(-21) - -1). Let j(q) = q**2 - 6*q - 8. What is the tens digit of j(d)?
2
Suppose -6709*k = -6728*k + 362672. What is the tens digit of k?
8
What is the hundreds digit of 8018/2 + 86 + -82?
0
Let o = 14128 - 9609. What is the hundreds digit of o?
5
Let z = 9179 - 7389. What is the hundreds digit of z?
7
Let v = -28370 + 41984. What is the tens digit of v?
1
Let d be 3/(-9) - (160/24 - 7). Suppose 0 = 3*q - d*q - 15, 3*g + 3*q - 1212 = 0. What is the hundreds digit of g?
3
Let n(l) = -l**2 + 11*l - 7. Let w be n(5). Let b(d) = 70*d - 164. What is the hundreds digit of b(w)?
4
Let i(m) = -41*m - 24. Let l(x) = -82*x - 45. Let a(s) = -5*i(s) + 2*l(s). What is the tens digit of a(15)?
4
Let o(l) = 40*l + 23. Let f be o(-6). Let c = 844 + f. What is the tens digit of c?
2
Suppose -5*b - 83 = -4*b. Let t = b - -119. Suppose 2*c - t = 132. What is the tens digit of c?
8
Suppose 75844 = 4*q - 5*d, -3*d = -3*q + 43114 + 13772. What is the ten thousands digit of q?
1
Let m(u) = 41*u + 935. What is the hundreds digit of m(0)?
9
Let t(h) = -13*h - 25. Let d be t(-3). Suppose d*r - 12420 = 2*r. What is the thousands digit of r?
1
Suppose -2*r = -4*r - 3*r. Suppose -3*y - w + 30 = r, 5*y - 5*w - 36 = -6. What is the units digit of y?
9
Let i be 4/6 + 4/(-6). Let x(n) = -2*n**2 + 30*n - 36. Let u be x(2). Suppose h + 3 - u = i. What is the tens digit of h?
1
What is the units digit of (209/11*-1 + 4)*150/(-2)?
5
What is the tens digit of 14 - (-5032)/(-357) - 578684/(-84)?
8
Let c = 73327 - 43691. Let k be 1*2/9 - c/279. Let q = k + 180. What is the units digit of q?
4
Let l be (13/(-5) + (-2)/5)*-10. Let k = l - 101. Let v = k - -145. What is the tens digit of v?
7
Let z = 299 - 289. Let x(k) = 3*k**2 + 6*k - 44. What is the units digit of x(z)?
6
Suppose -305 = -14*a + 3839. Suppose a*s - 298*s = -600. What is the hundreds digit of s?
3
What is the thousands digit of (-10)/(200/(-620730)) - 15/(-10)?
1
Suppose d + 3*b - 374 - 393 = 0, 2*d - 4*b = 1554. Let a = d + -116. Let n = a - 453. What is the units digit of n?
4
Let v = -6274 - -18790. What is the units digit of v?
6
Suppose -4*a + 173616 = 3*j, 352*a + 173640 = 3*j + 348*a. What is the tens digit of j?
7
Let k be (5886/15)/((-15)/(-50)). Suppose 72 - k = -4*f. What is the tens digit of (-21)/14 + f/6?
5
Let f = 401 - 226. Let y(j) = j**2 - 21*j - 440. Let s be y(32). Let t = f + s. What is the units digit of t?
7
Let p be (-7)/28 + 16354/8. Let d be (0/3)/(12 - 11). Suppose 13*c - p + 406 = d. What is the hundreds digit of c?
1
Let i(h) = 3*h**2 + h - 17. Let s(g) = 2*g**3 + 2*g**2. Let l be s(-2). What is the units digit of i(l)?
7
Suppose -5*u - 3*n + 141027 = 0, n - 13316 = -u + 14891. What is the hundreds digit of u?
2
Let f = -48202 + 95939. What is the units digit of f?
7
What is the thousands digit of (7780/6)/(288/672 - 2/6)?
3
Let c(h) = -5*h - 64. Let r be c(-14). Let n(a) = 104*a - 4. What is the units digit of n(r)?
0
Suppose -4*y - 1156 + 6224 = 4*h, h - 4*y - 1282 = 0. Let v = h + -759. What is the hundreds digit of v?
5
Let g = 150103 + -95818. What is the tens digit of g?
8
Suppose -7*d = -42*d + 1392370. What is the units digit of d?
2
Suppose -22 = 2*m - 3*m. Let q be (-20)/(-100) - m/10. What is the units digit of (-2)/1*47*q/2?
4
Let q(l) = -5*l**3 + l**2 - 3*l + 1. Let j(k) = -6*k**3 + k**2 - 2*k + 1. Let u(z) = 4*j(z) - 5*q(z). What is the units digit of u(3)?
8
Let y(o) = 12093*o - 2543. What is the ten thousands digit of y(5)?
5
Let j(f) = -2*f**2 - 2*f - 3. Let h be j(8). Let q = -117 - -328. Let n = q + h. What is the tens digit of n?
6
Let w(x) be the first derivative of 8*x**3/3 + 3*x**2 + 4*x + 18. What is the hundreds digit of w(-4)?
1
Let r(d) = -245*d - 12. Let x be r(-4). Let w = 1470 - x. What is the units digit of w?
2
Let o = 12 + -21. Let i(h) be the second derivative of -11*h**3/6 - 17*h**2/2 + 1890*h. What is the units digit of i(o)?
2
Let q = 97 + -104. Let j = q + 82. What is the units digit of j/(-2 + 3 - 0)?
5
Suppose 11*o - 18369 - 122505 = -657. What is the tens digit of o?
4
Let g(i) = 74*i**3 - 2*i + 2. Let s(t) be the second derivative of t**4/12 - 7*t**3/6 + 11*t**2/2 + 16*t. Let u be s(5). What is the units digit of g(u)?
4
Let h be (-64)/(-224) - -2*(-38)/(-28). Suppose 0 = -2*v + 5*t + 332, -3*t + 138 + 360 = h*v. What is the hundreds digit of v?
1
Let r = -2642 + 12411. What is the hundreds digit of r?
7
Let k be 74/(-37)*-11*139. Let m = k + -1390. What is the hundreds digit of m?
6
Let l(p) = -p**3 + 2*p**2 + 2*p - 2. Let q be l(2). Let i(d) = 1 + d**2 - 3*d + 2*d - q - 1. What is the units digit of i(-7)?
4
Suppose 7*d - 2508 = -5952. Let i be ((-5)/(-10))/((-3)/d) - 4. Let p = i - 45. What is the tens digit of p?
3
Let h = -564 + 370. Let z = -84 - h. What is the units digit of z?
0
Let v(r) = r**3 + 22*r**2 + 14*r + 43. Let q be v(-18). Suppose 3*o - 1095 = -3*c, -4*o + o - c + q = 0. What is the units digit of o?
1
Suppose -c = 5*b - 141, 122 + 25 = c - b. Let y = c - -598. What is the units digit of y?
4
Suppose -11*p - 5*p + 157428 = 2*p. What is the units digit of p?
6
Suppose -8108529 = -754*h + 611*h. What is the hundreds digit of h?
7
Suppose -5 = -2*c + s - 0, 5*c = -s + 9. Suppose 9 = -4*m - 5*v - 4, m - c*v = 13. Let k(h) = h**3 + 2*h**2 + h. What is the units digit of k(m)?
8
Let j(k) = 18*k**2 - 11*k - 49. Let z be j(-6). Suppose -a + 86 + z = 0. What is the units digit of a?
1
Let l(v) = -v**3 - 13*v**2 - v + 2. Let f be l(-13). Suppose 20 = f*w - 10*w. What is the units digit of (-190)/w*24/(-30)?
8
Suppose 4*f - 8 - 13 = a, 3*f - 2*a = 22. Suppose -h + 1591 = -20*j + 19*j, -5*h - f*j = -7973. What is the tens digit of h?
9
Let n(k) = k**2 + 10*k + 14. Let j be n(-9). Suppose -3*a - 1453 = 4*l, 2 = -j*a + 7. What is the tens digit of -3*(l/3)/4?
9
Suppose -3*w - 49212 = -3*y, -4*y + 12643 = 5*w - 52937. What is the units digit of y?
0
Let k = 71 + -69. Suppose -433 = -3*f + 4*b, 250 = k*f + b - 46. What is the units digit of f?
7
Suppose l + 6 = 2*o, 14 = o - l + 6*l. Let n(q) = -12*q**2 + 2*q - 11. Let d be n(o). Let x = d + 335. What is the tens digit of x?
4
What is the units digit of 2*6376 + (-23 - -36)?
5
Let x = 14267 - 6651. What is the tens digit of x?
1
Suppose -3*s = -u + 3*u + 26, -u = -s + 8. Let y be (0 - 15/u)*2. Suppose -q = -y, -3*q = g + 16 - 70. What is the units digit of g?
5
Let t = 175 + -110. Let s be (-10)/(-2)*3081/t. Suppose 0*g - s = -g. What is the hundreds digit of g?
2
Let p(q) = -34 - 19 - 5*q - 19. Let f be p(-15). Suppose -x - f*x = -4*b + 996, 3*b + 3*x = 729. What is the hundreds digit of b?
2
Let a = -98 + 78. Let k be ((-5)/(-2) + -2)*0/a. Suppose -4*f - 569 = -5*g - k*f, -254 = -2*g - 5*f. What is the hundreds digit of g?
1
Let o(n) = -1193*n**3 + 12*n**2 - 9*n - 21. What is the thousands digit of o(-1)?
1
Suppose 4*d + l - 16528 + 1733 = 0, 4*d - 14810 = 2*l. What is the units digit of d?
0
Suppose -4*x = -v - 3*v - 40, -v = 5*x - 20. Suppose 3*b - x*d = -16, -2*b + 11 = 4*d - 15. What is the units digit of (-4 + (b - -2))*28?
8
Let d(a) = a**2 - 9*a - 23. Let s be (1 + -5 + 3)*-11. Let x be d(s). What is the tens digit of 0 - (0 + 3)*x - -85?
8
Suppose 0 = 12*j - 13*j - 5, 4*j = 2*r - 22. Let p be (6*(-2)/(-4))/1. What is the tens digit of (0 + -1 + p)*(r + 7)?
1
Suppose 2*y - 3*v = -52, -2*y = -2*v + 5*v + 28. Let q = 117 - 69. Let u = q + y. What is the tens digit of u?
2
What is the thousands digit of (-19)/(-76) - ((-6698)/5)/(64/440)?
9
Let p(a) = 435*a - 212. Let o be p(8). Suppose -4*v + o = -4*t, -5*v - 469 = 3*t - 4586. What is the tens digit of v?
2
Let g(n) be the third derivative of 19*n**4/8 + 10*n**3/3 - 8*n**2. What is the tens digit of g(7)?
1
Suppose -5*b + 28015 = -4*